{"id":173,"date":"2024-06-20T09:58:51","date_gmt":"2024-06-20T09:58:51","guid":{"rendered":"https:\/\/mathis.ranc.ovh\/?page_id=173"},"modified":"2024-06-20T13:01:52","modified_gmt":"2024-06-20T13:01:52","slug":"les-actions-racontables","status":"publish","type":"page","link":"https:\/\/mathis.ranc.ovh\/?page_id=173","title":{"rendered":"Les Actions Racontables"},"content":{"rendered":"\t\t<div data-elementor-type=\"wp-page\" data-elementor-id=\"173\" class=\"elementor elementor-173\">\n\t\t\t\t<div class=\"elementor-element elementor-element-9b07bf2 e-flex e-con-boxed e-con e-parent\" data-id=\"9b07bf2\" data-element_type=\"container\" data-e-type=\"container\">\n\t\t\t\t\t<div class=\"e-con-inner\">\n\t\t\t\t<div class=\"elementor-element elementor-element-60d5173 elementor-widget elementor-widget-text-editor\" data-id=\"60d5173\" data-element_type=\"widget\" data-e-type=\"widget\" data-widget_type=\"text-editor.default\">\n\t\t\t\t<div class=\"elementor-widget-container\">\n\t\t\t\t\t\t\t\t\t<p>Les Actions que font certains r\u00f4les durant la partie sont consid\u00e9r\u00e9s comme des actions racontables quand certains r\u00f4le du village peuvent les d\u00e9tecter tels que \u00a0: <em><strong>L&rsquo;espion<\/strong> <\/em>et <em><strong>La Conteuse<\/strong><\/em><\/p>\t\t\t\t\t\t\t\t<\/div>\n\t\t\t\t<\/div>\n\t\t\t\t\t<\/div>\n\t\t\t\t<\/div>\n\t\t<div class=\"elementor-element elementor-element-63315ee e-flex e-con-boxed e-con e-parent\" data-id=\"63315ee\" data-element_type=\"container\" data-e-type=\"container\">\n\t\t\t\t\t<div class=\"e-con-inner\">\n\t\t\t\t<div class=\"elementor-element elementor-element-00f6847 elementor-widget elementor-widget-text-editor\" data-id=\"00f6847\" data-element_type=\"widget\" data-e-type=\"widget\" data-widget_type=\"text-editor.default\">\n\t\t\t\t<div class=\"elementor-widget-container\">\n\t\t\t\t\t\t\t\t\t<p><em>Les diff\u00e9rentes actions racontables sont :<\/em><\/p>\t\t\t\t\t\t\t\t<\/div>\n\t\t\t\t<\/div>\n\t\t\t\t\t<\/div>\n\t\t\t\t<\/div>\n\t\t<div class=\"elementor-element elementor-element-73ef93a e-grid e-con-boxed e-con e-parent\" data-id=\"73ef93a\" data-element_type=\"container\" data-e-type=\"container\">\n\t\t\t\t\t<div class=\"e-con-inner\">\n\t\t\t\t<div class=\"elementor-element elementor-element-9ab3f04 elementor-widget elementor-widget-text-editor\" data-id=\"9ab3f04\" data-element_type=\"widget\" data-e-type=\"widget\" data-widget_type=\"text-editor.default\">\n\t\t\t\t<div class=\"elementor-widget-container\">\n\t\t\t\t\t\t\t\t\t<ul><li style=\"font-weight: 400;\" aria-level=\"1\"><strong>L\u2019Analyste observe ou analyse un joueur<\/strong><\/li><li style=\"font-weight: 400;\" aria-level=\"1\"><strong>Le Bienfaiteur donne un \u2665 \u00e0 un joueur<\/strong><\/li><li style=\"font-weight: 400;\" aria-level=\"1\"><strong>Le Chaman regarde le r\u00f4le\/pseudo d\u2019un mort<\/strong><\/li><li style=\"font-weight: 400;\" aria-level=\"1\"><strong>Le Chasseur lance une enqu\u00eate<\/strong><\/li><li style=\"font-weight: 400;\" aria-level=\"1\"><strong>Le Corbeau effraie un joueur<\/strong><\/li><li style=\"font-weight: 400;\" aria-level=\"1\"><strong>Le Garde prot\u00e8ge un joueur<\/strong><\/li><li style=\"font-weight: 400;\" aria-level=\"1\"><strong>L\u2019Illusionniste ajoute un joueur \u00e0 la liste des Loups<\/strong><\/li><li style=\"font-weight: 400;\" aria-level=\"1\"><strong>La Marchande de Fruits compte les pommes<\/strong><\/li><li style=\"font-weight: 400;\" aria-level=\"1\"><strong>La Pr\u00eatresse espionne un joueur<\/strong><\/li><li style=\"font-weight: 400;\" aria-level=\"1\"><strong>Le Rebouteux donne sa gu\u00e9rison \u00e0 un joueur<\/strong><\/li><li style=\"font-weight: 400;\" aria-level=\"1\"><strong>Le Renard flaire un joueur<\/strong><\/li><li style=\"font-weight: 400;\" aria-level=\"1\"><strong>La Servante D\u00e9vou\u00e9e vole les pouvoirs d\u2019un joueur<\/strong><\/li><li style=\"font-weight: 400;\" aria-level=\"1\"><strong>La Soeur consulte le r\u00f4le\/pseudo du tueur<\/strong><\/li><li style=\"font-weight: 400;\" aria-level=\"1\"><strong>La Sorci\u00e8re ressuscite un joueur<\/strong><\/li><li style=\"font-weight: 400;\" aria-level=\"1\"><strong>Le Vaudouiste fabrique une poup\u00e9e<\/strong><\/li><\/ul>\t\t\t\t\t\t\t\t<\/div>\n\t\t\t\t<\/div>\n\t\t\t\t<div class=\"elementor-element elementor-element-c216227 elementor-widget elementor-widget-text-editor\" data-id=\"c216227\" data-element_type=\"widget\" data-e-type=\"widget\" data-widget_type=\"text-editor.default\">\n\t\t\t\t<div class=\"elementor-widget-container\">\n\t\t\t\t\t\t\t\t\t<ul><li style=\"font-weight: 400;\" aria-level=\"1\"><b>L\u2019Ange Gardien<\/b><span style=\"font-weight: 400;\"> r\u00e9g\u00e9n\u00e8re son prot\u00e9g\u00e9<\/span><\/li><li style=\"font-weight: 400;\" aria-level=\"1\"><b>Le Feu Follet<\/b><span style=\"font-weight: 400;\"> utilise son dash<\/span><\/li><li style=\"font-weight: 400;\" aria-level=\"1\"><b>Le N\u00e9cromancien<\/b><span style=\"font-weight: 400;\"> ressuscite un joueur<\/span><\/li><li style=\"font-weight: 400;\" aria-level=\"1\"><b>L\u2019Escroc<\/b><span style=\"font-weight: 400;\"> escroque un joueur<\/span><\/li><li style=\"font-weight: 400;\" aria-level=\"1\"><b>Le Trublion<\/b><span style=\"font-weight: 400;\"> t\u00e9l\u00e9porte un\/des joueur(s)<\/span><\/li><li style=\"font-weight: 400;\" aria-level=\"1\"><b>L\u2019Infect P\u00e8re des Loups<\/b><span style=\"font-weight: 400;\"> infecte un joueur<\/span><\/li><li style=\"font-weight: 400;\" aria-level=\"1\"><b>Le Loup Sanguinaire<\/b><span style=\"font-weight: 400;\"> traque un joueur<\/span><\/li><li style=\"font-weight: 400;\" aria-level=\"1\"><b>Le Loup T\u00e9n\u00e9breux<\/b><span style=\"font-weight: 400;\"> d\u00e9clenche l\u2019obscurit\u00e9<\/span><\/li><li style=\"font-weight: 400;\" aria-level=\"1\"><span style=\"font-weight: 400;\">Le joueur ressuscite (peu importe la raison)<\/span><\/li><li style=\"font-weight: 400;\" aria-level=\"1\"><span style=\"font-weight: 400;\">Le joueur tue un autre joueur<\/span><\/li><li style=\"font-weight: 400;\" aria-level=\"1\"><span style=\"font-weight: 400;\">Le joueur vote<\/span><\/li><\/ul>\t\t\t\t\t\t\t\t<\/div>\n\t\t\t\t<\/div>\n\t\t\t\t\t<\/div>\n\t\t\t\t<\/div>\n\t\t\t\t<\/div>\n\t\t","protected":false},"excerpt":{"rendered":"<p>Les Actions que font certains r\u00f4les durant la partie sont consid\u00e9r\u00e9s comme des actions racontables quand certains r\u00f4le du village peuvent les d\u00e9tecter tels que \u00a0: L&rsquo;espion et La Conteuse Les diff\u00e9rentes actions racontables sont : L\u2019Analyste observe ou analyse un joueur Le Bienfaiteur donne un \u2665 \u00e0 un joueur Le Chaman regarde le r\u00f4le\/pseudo [&hellip;]<\/p>\n","protected":false},"author":2,"featured_media":0,"parent":0,"menu_order":0,"comment_status":"closed","ping_status":"closed","template":"","meta":{"footnotes":""},"class_list":["post-173","page","type-page","status-publish","hentry"],"_links":{"self":[{"href":"https:\/\/mathis.ranc.ovh\/index.php?rest_route=\/wp\/v2\/pages\/173","targetHints":{"allow":["GET"]}}],"collection":[{"href":"https:\/\/mathis.ranc.ovh\/index.php?rest_route=\/wp\/v2\/pages"}],"about":[{"href":"https:\/\/mathis.ranc.ovh\/index.php?rest_route=\/wp\/v2\/types\/page"}],"author":[{"embeddable":true,"href":"https:\/\/mathis.ranc.ovh\/index.php?rest_route=\/wp\/v2\/users\/2"}],"replies":[{"embeddable":true,"href":"https:\/\/mathis.ranc.ovh\/index.php?rest_route=%2Fwp%2Fv2%2Fcomments&post=173"}],"version-history":[{"count":11,"href":"https:\/\/mathis.ranc.ovh\/index.php?rest_route=\/wp\/v2\/pages\/173\/revisions"}],"predecessor-version":[{"id":223,"href":"https:\/\/mathis.ranc.ovh\/index.php?rest_route=\/wp\/v2\/pages\/173\/revisions\/223"}],"wp:attachment":[{"href":"https:\/\/mathis.ranc.ovh\/index.php?rest_route=%2Fwp%2Fv2%2Fmedia&parent=173"}],"curies":[{"name":"wp","href":"https:\/\/api.w.org\/{rel}","templated":true}]}}